 common divisor of h and 16?
16
Let p be 89/3 - 2/(-6). Let v = -674 - -680. What is the greatest common factor of v and p?
6
Let g = -99 + 91. Let s(d) = -d**3 - 5*d**2 + 4*d + 11. Let o be s(g). What is the greatest common factor of 19 and o?
19
Let j be -5 - (0 + 150/(-6)). What is the highest common factor of j and 30?
10
Let z = -4 - -8. Let f(k) = -z*k**3 + 4*k**2 + 3 + 3*k - 5 + 3*k**3. Let i be f(4). Calculate the greatest common divisor of 4 and i.
2
Let l be (((-1155)/(-28))/(-11))/((-9)/24). Suppose 80 = -2*w + 3*w. Calculate the highest common factor of l and w.
10
Let x be 5 + -9 - 2/1. Let u = x - -6. Suppose 4*h = -5*t + 747, 2*t + 0*t - 3*h - 285 = u. Calculate the greatest common divisor of t and 21.
21
Let o = 1319 + -1167. What is the highest common factor of o and 38?
38
Let y be -4 - ((-2)/(-4) - (-8154)/(-12)). Calculate the highest common factor of 27 and y.
27
Let q(l) = -2*l**3 + l**2 + 2*l + 2. Let m be (-1)/(-5 - (-44)/8). Let g be q(m). What is the highest common divisor of g and 198?
18
Suppose -5*v + 4*o = -6 - 51, 2*v - 30 = 4*o. Let x = 3 + 26. Suppose -4*n - 5*w = -5*n + x, -2*w - 26 = -2*n. Calculate the greatest common divisor of n and v.
9
Suppose 5*c - 57 = 3*p, 2*c - 7*c + 62 = 2*p. Let w = c + -7. Suppose -16 = w*q - 46. What is the highest common factor of q and 66?
6
Let d(q) = 46*q**2 - 4*q + 1. Let y be d(-3). Suppose -3*i = 15, 2*h = -2*h - i + y. Calculate the highest common divisor of 12 and h.
12
Suppose -5 = -5*p, -4*c + 3*p - 777 = -7*c. Let a = -168 + c. Calculate the greatest common divisor of 10 and a.
10
Let h be (17/(-34))/(1/(-6)). Suppose 29 = h*f - 3*w - 55, -88 = -3*f + w. Suppose 4*o = 2 + f. Calculate the greatest common divisor of 1 and o.
1
Let d(x) = x**2 - 2*x + 18. Let u(g) = g**2 + g. Let k be u(-1). Let h be d(k). What is the greatest common factor of 54 and h?
18
Let a be 6/18 - (80/(-12) - 3). Let r be (30/(-7))/((-1)/21). What is the greatest common divisor of a and r?
10
Suppose -4*x + 2957 = -t, 5*t - 993 = 2*x - 2494. What is the greatest common divisor of 18 and x?
18
Let p be (5/(-2))/(225/(-7380)). What is the greatest common factor of 1886 and p?
82
Let n be 364*(-8 + 4)/(-4). What is the greatest common divisor of n and 468?
52
Suppose 499 = 3*l - 5*n, -38*l + 33*l = 2*n - 842. Calculate the greatest common divisor of l and 3.
3
Suppose 202 = -3*t + 2*x, -4*t = -0*x + 4*x + 236. Let y = t + 65. Calculate the highest common divisor of y and 2.
1
Suppose 0 = -l - 24 + 21, -4*h = 2*l - 22. Suppose 3*d = -2*x + 13, -d + x = -2*d + 3. Calculate the highest common divisor of d and h.
7
Let b(v) = -8*v - 10. Let h be b(-7). Let d = -831 - -946. What is the highest common divisor of d and h?
23
Suppose o + 140 = 5*o. Suppose -12 = -o*j + 33*j. Calculate the highest common factor of 54 and j.
6
Suppose 0 = -p + 3*s + 48, 126 = 2*p + 2*s + 2*s. Suppose -3*f + u + 24 = -72, 2*f = 3*u + p. What is the highest common factor of 330 and f?
33
Let p = -5 - -7. Suppose 4*h = p*y - 6, -4*y = h + 2 - 5. Let o = 3144 - 3141. Calculate the greatest common divisor of o and y.
1
Let j be (-15)/25 + 13/5 - -22. Let q = 30 + -18. Calculate the greatest common factor of j and q.
12
Let f(t) = -t**3 + 2*t**3 - 215 + 203 - 10*t - 12*t**2. Let c be f(13). Calculate the greatest common divisor of 243 and c.
27
Let b(q) = 34*q**2 - 67*q**2 - q**3 + 9*q**3 + 30*q**2 + 1. Let n be b(1). Calculate the highest common factor of 3 and n.
3
Let q(i) = -i**2 - i + 7. Let w be q(0). Suppose -7*t - 119 = -266. What is the greatest common factor of t and w?
7
Let y = 24 + -10. Let b = 319 - 207. Calculate the greatest common factor of b and y.
14
Let c(q) = q**3 + 9*q**2 - 12*q - 11. Let a be c(-10). Let f be (a/(-6))/((-4)/56). What is the highest common divisor of 21 and f?
21
Let f = 639 - 284. Let h = 509 - f. Calculate the highest common divisor of 14 and h.
14
Suppose -6*n - 248 = -10*n. Suppose -3*i - 103 = -5*q, i = -3*q + 3*i + n. Let l be (48 - -2)*(4 + -3). Calculate the highest common divisor of l and q.
10
Let f be (138/230)/(3/10). Calculate the greatest common divisor of f and 26.
2
Suppose 0 = 3*i + 15 - 51. Let b(y) = 10*y + 12*y**2 + 10*y - 2*y**3 - 15*y - 18. Let n be b(6). Calculate the highest common divisor of n and i.
12
Let z be (352/7)/(52/182). Calculate the greatest common divisor of 11 and z.
11
Suppose -z - 3*f + f + 20 = 0, -2*f = -6. Let a(r) = z + 23*r**2 - r - 5 - 5 + 0. Let b be a(3). What is the greatest common factor of b and 26?
26
Let m = 1057 + -1051. What is the highest common factor of m and 1086?
6
Let h(d) = d**2 - 5*d - 10. Let a be h(7). Suppose 7 - 1 = 3*t - 3*s, a*t - 8 = -3*s. Calculate the greatest common divisor of 10 and t.
2
Let l = 553 - 496. What is the greatest common factor of l and 21?
3
Let t(h) = -21*h - 214. Let p be t(-14). Calculate the greatest common factor of p and 136.
8
Suppose -2*f = -20*f + 1080. What is the highest common divisor of 40 and f?
20
Let r be (14/(-6) - -2)*-15. Suppose 5*s + 5*g - 230 = -0*g, -4*s + 211 = -5*g. Let f = s - 9. What is the highest common divisor of r and f?
5
Suppose -3*g = -293 - 328. Let h = -6 + 8. Suppose -h*u + 61 = r, 4*r - g - 16 = -u. Calculate the highest common factor of 22 and r.
11
Let z = 135 + -92. Calculate the greatest common divisor of 172 and z.
43
Let g be (-3 + 4)/((-7)/14) + 57. Suppose 0 = 5*w - 175 - 10. Let z = g - w. Calculate the greatest common divisor of 2 and z.
2
Let u be -1 - 0 - 0/10. Let p be u/(-3) + (-426)/(-18). Let y be ((-24)/14)/(-2 + 81/42). What is the greatest common divisor of p and y?
24
Let q be (-3 - 1)*(-3)/(-16) - 1624/(-32). Let s = 2 - 3. Let d(c) = -21*c**3 - 2*c**2 + 1. Let z be d(s). What is the highest common divisor of q and z?
10
Suppose -4*h - 5*j = -36, -5*j + 2*j - 36 = -4*h. Let l = 3 - h. Let v = 0 - l. Calculate the greatest common divisor of 66 and v.
6
Let h(i) = -i**2 + 13*i + 14. Let l be h(0). Calculate the greatest common divisor of 35 and l.
7
Let p(n) = -n**3 - 3*n**2 - 2*n - 6. Let a be p(-6). Suppose 3*d + a = d. Let u = 90 + d. Calculate the highest common divisor of 22 and u.
11
Let d(v) = v**3 + 3*v**2 + 2*v + 2. Let x be d(-3). Suppose -3*f = 5 + 1. Let s = f - x. What is the greatest common factor of 5 and s?
1
Suppose -2*b = -z - 65, 308 = 4*b + 4*z + 172. Suppose a - 4*a + 165 = 0. What is the greatest common factor of b and a?
11
Let l(y) = -y**2 + 4*y + 28. Let r be l(-5). Let g(p) = -p**3 - 16*p**2 + 18*p + 21. Let w be g(r). Calculate the highest common factor of w and 28.
4
Let h = 280 + -195. What is the greatest common divisor of 17 and h?
17
Let b = 98 - 86. Suppose -13*r + b*r + 105 = 0. Calculate the highest common divisor of 21 and r.
21
Let q(n) = n - 9. Let s be q(9). Let m be ((2 + 10)/(-3))/(s - 1). What is the greatest common factor of 4 and m?
4
Let s = 14 + 1. Let p be (-21)/9 + 2 - 50/(-6). Suppose 3*w - 6 = 0, 5*b - 4*w - p + 1 = 0. Calculate the greatest common factor of b and s.
3
Let w = 291 + -159. Calculate the greatest common factor of 12 and w.
12
Suppose 14 = 2*x - 2*j, x + 5*j - 2*j = 11. Let v = x - 10. Let r be ((-4)/6)/(v/39). Calculate the highest common divisor of 117 and r.
13
Suppose -11*c = -19*c + 3680. What is the highest common factor of c and 20?
20
Suppose g - 1 - 77 = 0. Let z = 88 - 49. Calculate the highest common factor of z and g.
39
Let s = 606 - 555. What is the greatest common divisor of 85 and s?
17
Let z = 21 - 16. Suppose 2*f - 386 = -o + z*o, -15 = 5*o. Calculate the highest common factor of f and 17.
17
Let g = 1119 - 1105. Calculate the greatest common factor of g and 301.
7
Let x be 0 - 0 - (-5)/1. Suppose 5*t - 27 + 17 = 0. Suppose 3*d - b - 107 = 0, -4*b = 4*d - 130 - t. What is the greatest common divisor of x and d?
5
Let u = -13 - -24. Let n = 75 + -31. What is the highest common divisor of u and n?
11
Let r be (-7)/((-7)/(-20))*(-40 - -14). Calculate the highest common divisor of 13 and r.
13
Suppose 0 = -6*x - 60 - 54. Let f = 23 + 8. Let z = x + f. Calculate the greatest common divisor of 132 and z.
12
Suppose -300*p = -297*p - 333. What is the highest common divisor of p and 27?
3
Let c = -127 + 134. Calculate the highest common divisor of 63 and c.
7
Let l = 6 - 1